-3 - (-1 + 1)) + -10?
-17
What is the value of -9 + (18 - 4) + 2 + (-16 - 1)?
-10
Calculate 4 + 10 + -5 - (-7 + 10 + 11).
-5
12 + -31 + 2 + 7
-10
-20 + 13 - (-13 - 0)
6
-6 - 1 - (2 - -8 - 8 - -2)
-11
Evaluate -37 + -22 + 30 - 3.
-32
-30 - (47 + -24 + 0 + -19)
-34
17 + (2 - 35) + 36
20
What is -3 + 2 + (-13 - (4 - 10))?
-8
What is -71 + 57 - (-2 - 12)?
0
What is the value of 23 + -34 + (3 - -3) + 11?
6
What is the value of 13 + (0 - 40) + (7 - 3)?
-23
What is the value of 4 - (-1 - (0 + -2 - (-14 - -16)))?
1
Evaluate -20 + -5 + 20 - (0 + -3).
-2
What is (-21 - 11) + -3 - -17 - -53?
35
(3 + 16 - (5 - 1)) + (-21 - -20)
14
What is the value of (0 - 2 - -6) + 193 + -182?
15
What is -3 + (9 - 3) - (6 - 9)?
6
Evaluate 22 + -1 + (4 - -16) + -141 + 114.
14
-13 + 15 - (2 + -10 + (-1 - 1))
12
What is the value of -23 + (47 - 40 - (3 - (-4 + -1)))?
-24
Evaluate 3630 + -3645 - (-1 + (-34 - 1)).
21
Calculate -48 + 90 + -49 - (-2 + 0).
-5
What is the value of 2 + (3 - 2) - (66 + -62) - -13?
12
4 + 15 + 3 + 0 + -6 + 1
17
What is the value of 4 - 1 - (-8 - (-5 - (5 + -7)))?
8
9 + 2 + (29 - 60) + 12
-8
-42 + 56 + -8 - (14 - -1)
-9
What is the value of -1 - (2 - (-6 - (-15 - -19)))?
-13
What is -9 - ((-10 - -21) + -2)?
-18
Evaluate -2 + (-1 - (2 - -9)).
-14
What is the value of 15 + 1 + (-21 - -2)?
-3
What is the value of (-1 - ((3 - 8) + 15)) + 36?
25
What is -6 - -14 - -28 - 10?
26
6 + (-40 + 3 - -5) + 5
-21
What is the value of 235 - 224 - (1 + 4 + -1)?
7
What is the value of -18 - (-16 + 20) - (-11 + 2)?
-13
Calculate 18 - -48 - 32 - (6 + -1).
29
What is 0 + -2 + -7 - (-32 + 31)?
-8
0 - -30 - (-2502 + 2537)
-5
Calculate 26 - (-21 + 30 + 2).
15
What is -10 + (17 + -3 - (7 - 3))?
0
What is 7 - (3 + -13) - 14 - -28?
31
Calculate (16 - 25) + 36 + -14.
13
Calculate -24 + 25 + (-2 - (11 - 6)).
-6
Calculate 2 - 1 - (-39 - -49).
-9
Calculate (-13 + -3 + 18 + -10 - -4) + 18.
14
Calculate 36 + (2 - -4 - 17) - -4.
29
6 - ((-1 - 1) + (48 - 40))
0
324 + -344 - (0 - (0 - -2))
-18
Calculate -2 + -1 - (-1 - (16 + 1 + 12)).
27
Calculate (2 - 11) + -34 + 40 + -2.
-5
4 + (-12 - 13) - (1 + -5)
-17
Calculate 35 + -13 + -6 + (-13 - 1).
2
What is the value of -2 + (18 - 1) - (-5 - (-1 + 1))?
20
Calculate (0 - 6) + (14 - (-3 + 8)) + 9.
12
Evaluate 1 - 13 - (32 - (59 + -27)).
-12
What is -52 + 66 + (-27 - 0)?
-13
Calculate 37 + 0 + 1 + -2956 + 2938.
20
What is (-1 - -16) + -1606 + 1564?
-27
-9 - (-2 + -9) - -9
11
What is -5 + -4 + 7 + -2 + -2 + 4?
-2
What is the value of (9 - (10 + -20)) + -16?
3
(10 - -2) + -1 - -3 - (-809 - -802)
21
Calculate (12 - 2) + -5 - (14 + 11).
-20
Evaluate (-3 - (-7 - -9) - 3) + -5.
-13
-10 + -4 - (12 + 1 + -11)
-16
Evaluate -1 + (-35 - -33) + (-1 - -2).
-2
Evaluate (-22 - 1) + 34 + -19.
-8
61 + -10 + -44 - (16 + 1)
-10
What is the value of 17 + (6 - 17) + -3?
3
What is 574 + -592 - (-46 + 1)?
27
(8 - -1 - (94 - 78)) + 6
-1
What is the value of -4 + 0 - (-46 + 43)?
-1
7 + 4 + (11 - 3) + -11 + -2
6
Evaluate 11 + 2 + -13 - -15.
15
Calculate (-11 + 14 - (-1 + 1)) + 1 - 15.
-11
What is -4 + (52 - 42 - (1 - -4)) + 4?
5
Evaluate (11 - 8) + (7 + -4 - 12).
-6
What is 3 + -1 + (175 - 162) - 53?
-38
What is 15 + (10 + -27 - -7)?
5
What is 3 - (-2 + (-6 - -8) - -4)?
-1
-3 + -1 + 12 - (-23 - -10)
21
What is -1 + 6 + (-1 + 4 - (-54 - -55))?
7
What is -30 + 13 - -8 - -22?
13
What is -17 + 10 + 10 + 11?
14
Calculate (-3 - -18) + -11 + (-1 - (-3 - -5)).
1
-13 - -1 - (-9 - -12) - 3
-18
What is -2 - 0 - (13 + (30 - 38))?
-7
(3 + -4 - -5) + -47 + 42
-1
What is -123 - -123 - (1 + -2 - 0)?
1
What is 40 - 32 - 7 - (1 + -4 - 29)?
33
What is the value of 143 + -121 + (-2 - 26)?
-6
What is -16 + (-13 - -31) - 9?
-7
Evaluate -8 - (-12 - (-1 - (-1 + (-7 - -13)))).
-2
-2 + 7 + (2 - (-10 + 7)) + -3
7
What is the value of (4 + 0 - 27) + 46?
23
Calculate -1 - -8 - (-9 + 5 + -3 - -20).
-6
What is 7 + (9 - (15 + -6) - -3)?
10
Evaluate -8 + 21 + -10 + (1 - -7).
11
(-35 - -4) + (4 + -18 + 8 - -16)
-21
What is -22 - -15 - (-6 + -1 - -3)?
-3
What is (-17 - (10 - 16)) + 0 + 10 + -5?
-6
Calculate (-1 - -1) + -2 + 10.
8
Calculate (0 - -2) + (-2 - -10) + (3771 - 3763).
18
Calculate (-3 - (-14 + 0)) + 3 + -2.
12
Calculate 3 - (11 + (-1 - 4)) - -5.
2
(11 - (45 + -22)) + -5
-17
What is the value of 1 + -6 - (2 + -3 + -17)?
13
Calculate -15 - (-9 - 4) - (3 - 1).
-4
Calculate -2 - 1 - (19 - 9 - 16).
3
Evaluate -285 + 287 - (2 - (8 + (-1 - -2))).
9
-16 + (-5 - 8) + 22
-7
2 + 8 + 2 - (-12 + 16)
8
What is (-16 - (-8 - 0 - (-10 + 4))) + 6?
-8
Evaluate -32 + -10 + 13 + (-2 - -9).
-22
What is the value of 11 - (-3 - 3) - (17 + -3 - 5)?
8
What is the value of (-31 - (-9 - 10)) + (0 - 2)?
-14
-3 + 4 + -5 - (-9 - -8)
-3
What is the value of -8 + (10 - 32) + 20?
-10
-2 + 4 + 10 + -5
7
Evaluate (1 - 8 - (-44 + 45)) + 8.
0
Evaluate 8 - (27 + -13 - 2).
-4
Calculate -2 + 12 + -15 + -3 + 7 + -21.
-22
Calculate (5 - 15 - (-3 - (10 - 21))) + 3.
-15
What is -1 + 26 + -57 + 25?
-7
What is 6 - (-20 - -22 - (0 + -2 + -13))?
-11
Evaluate (3 - (-8 + 13) - -21) + (-3 - 2).
14
Evaluate (-11 - (9 - 12)) + 16.
8
Evaluate (100 - 94) + -3 + -1.
2
-48 - -52 - (-2 + 3 + -3) - 20
-14
5 + -12 + 20 + -26
-13
7 - (5 + -1) - -5 - (-2 + 2)
8
-3 - (-11 + -4 + 21)
-9
Evaluate -19 - (-21 - (4 + 5 + -16)).
-5
Calculate -3 + 34 + -13 + -29.
-11
-6 - (12 - (10 + -11) - (0 + -2))
-21
Evaluate -4 + (9 - 0) + 7 - 2.
10
Evaluate -87 + 79 - (-3 + 0 + 1).
-6
Evaluate -10 - (6 + -4) - -13.
1
What is the value of (-29 - -31 - 23) + -8?
-29
Evaluate 11 - -1 - (-31 + 25 - -46).
-28
What is the value of -1 - -2 - ((6 - (36 - 19)) + -17)?
29
What is the value of 11 - 3 - (0 + 3 + 11)?
-6
Calculate 56 - 63 - (1 + -4 - (1 + -4)).
-7
What is the value of 2 - (-15 + 11 + 20)?
-14
Evaluate (-761 - -724) + 1 + 21.
-15
What is the value of 0 - 8 - 2 - (-10 - 21)?
21
What is the value of 6 - (1 + 7 - (-24 + 37))?
11
Evaluate -14 + (1 - -10) + 2.
-1
What is the value of 8 + (32 - 31) + -12 + 4 + 0?
1
Evaluate 1 - -3 - ((-34 - 2) + 25).
15
What is (-84 - -51) + (-14 - -73)?
26
What is -25 - -4 - (-3 + (-13 - -8))?
-13
What is -21 + -9 + (9 - -4) + 6?
-11
Calculate (6 + -7 + -4 - (-3 + 0)) + -9.
-11
What is the value of 1 + (-2 - -13 - (-4 - -10)) + 6?
12
Evaluate 17 - (18 - (-5 + (-3 - -12))).
3
What is the value of 4 + -5 + 15 - (-8 - (-13 - 0))?
9
What is -5 - (8 - 3 - 3) - (-4 - 13)?
10
-6 + -2 + (2 + -2 - (0 - -1))
-9
What is the value of (7 - (-29 - -33)) + -10 - (-4 - 1)?
-2
What is (20 - (-7 + 7 - 1 - 4)) + -8?
17
Evaluate 0 + -2 + -5 + 12 - (14 + -13).
4
What is the value of (15 - 9) + 8 + 1 - 9?
6
-4 + 7 - (-26 - -27)
2
Calculate 12 + (0 - 9) + 1 + -94 + 96.
6
What is 15 + 8 + -17 + 1 + (-2 - 3)?
2
What is the value of -277 + 231 + (3 - -14)?
-29
What is -24 + (49 - 11) + -12?
2
Evaluate (6 - 20 - -7) + 2 - -19.
14
What is the value of (41 - -2) + -4 + -14 + 2?
27
-11 + (-25 - (24 + -50))
-10
Evaluate (7 - ((-2 - (-4 - 2)) + -1)) + -14.
-10
What is the value of (18 - 0) + (255 - 292)?
-19
What is -4 - (6 + -17 + (-4 - -8) + 3)?
0
Evaluate 17 + (1 + 2 + 2 - (26 + -16)).
12
Evaluate 0 + (1 - (-1 - (-2 + 6))) - -7.
13
What is (-10 - (-3 + (-9 - -9))) + 4?
-3
What is -3 - 6 - (-20 - -7)?
4
2 - 1 - 1 - (-42 - (-86 - -33))
-11
(-86 - -20) + 103 + (-12 - -1)
26
What is -10 + (14 + -31 - -2 - -10)?
-15
Evaluate 14 - (-18 + 14 + 20).
-2
Evaluate (-3 - (1 - -20)) + (-174 - -171).
-27
Calculate 0 + -1 + -5 + -2 - (-117 + 112).
-3
Evaluate 12 - (1 - 0 - 1 - 1 - -3).
10
What is the value of -27 - ((-7 - 1) + 27 + (-21 - 3))?
-22
Evaluate (4 - -28) + (12 + -18 - 5).
21
What is the value of -8 - (-3 - (7 - 0)) - -2?
4
What is the value of 2 - (5 - (1 + (-2 - -8)))?
4
What is the value of 1 + 7 - (-12 + 13 + -4)?
11
Calculate 69 + -74 + -4 + -1 + (-2 - -4).
-8
-15 + (126 - 115) + 0 + 5
1
Evaluate -12 - ((1 - 10) + 3).
-6
(-6 - -9) + (-3 - 3) + 3 + -7
-7
Evaluate 16 + -3 + -12 + -3.
-2
-3 + (-2 - (-3 - 3) - 2) - 7
-8
What is the value of -10 + 17 - (-4 + 1 + -1 - -34)?
-23
What is -13 + 2 + 6 + 2?
-3
(8 - 10) + (15 - 0) - 1
12
8 + (24 - 7) + -13
12
What is -393 - -397 - (1 + (-3 - -2) - 0)?
4
What is the value of (-4 + -2 + 3 - (29 + -45)) + -7?
6
What is the value of 7 + (0 - 0) - (-1040 + 1037)?
10
Evaluate 0 + -6 + (-1 - (0 + -6 + -1)).
0
What is the value of 13 +